common factor of 7 and 481439?
7
What is the highest common factor of 47 and 141?
47
Calculate the highest common divisor of 185 and 9731.
37
What is the greatest common factor of 552 and 22152?
24
What is the greatest common factor of 1064 and 1577912?
1064
What is the highest common divisor of 1731512 and 328?
328
Calculate the greatest common divisor of 124 and 146816.
124
What is the greatest common divisor of 1216 and 3488?
32
What is the greatest common factor of 108 and 13041?
27
Calculate the greatest common divisor of 485226 and 14.
14
Calculate the highest common divisor of 408 and 213384.
408
What is the greatest common divisor of 6405 and 4935?
105
What is the greatest common factor of 90 and 7002?
18
What is the greatest common divisor of 386 and 391983?
193
Calculate the greatest common divisor of 460275 and 135.
15
What is the greatest common divisor of 96 and 11828?
4
What is the greatest common divisor of 1116 and 22072?
124
What is the greatest common factor of 544 and 5888?
32
Calculate the greatest common divisor of 245526 and 302.
302
What is the highest common factor of 5232 and 5388?
12
Calculate the highest common factor of 274648 and 616.
88
Calculate the greatest common factor of 30 and 12130.
10
Calculate the greatest common divisor of 71816 and 7144.
376
What is the greatest common divisor of 550 and 65275?
25
What is the highest common factor of 142481 and 171?
19
What is the highest common factor of 4 and 796850?
2
Calculate the highest common divisor of 836 and 88.
44
Calculate the highest common divisor of 2401631 and 61.
61
What is the highest common divisor of 27120 and 330?
30
What is the greatest common factor of 67785 and 3105?
15
Calculate the greatest common factor of 107 and 38841.
107
Calculate the highest common divisor of 24036 and 228.
12
What is the greatest common factor of 48 and 137880?
24
What is the greatest common factor of 100 and 3340?
20
What is the greatest common factor of 2879579 and 339?
113
Calculate the greatest common factor of 198597 and 27097.
343
Calculate the greatest common divisor of 7164 and 277804.
796
Calculate the highest common factor of 29850 and 600.
150
Calculate the highest common divisor of 323948 and 29212.
436
What is the highest common factor of 29000 and 17980?
580
Calculate the greatest common divisor of 8592 and 1488.
48
What is the greatest common divisor of 41031 and 316827?
423
What is the greatest common divisor of 35 and 7511?
7
What is the greatest common divisor of 3318 and 294?
42
Calculate the greatest common divisor of 660 and 80322.
66
Calculate the greatest common divisor of 2882 and 9170.
262
What is the highest common divisor of 2406 and 3735315?
1203
What is the highest common divisor of 30353 and 1016?
127
Calculate the greatest common factor of 128 and 1056.
32
Calculate the greatest common divisor of 101 and 107363.
101
Calculate the greatest common divisor of 120 and 252060.
60
What is the highest common factor of 525381 and 3942?
219
Calculate the greatest common divisor of 1676 and 925571.
419
Calculate the highest common divisor of 28 and 338.
2
Calculate the highest common divisor of 108 and 580608.
108
Calculate the highest common divisor of 212 and 1433332.
212
Calculate the greatest common divisor of 12881 and 44.
11
What is the greatest common divisor of 1150 and 601220?
230
Calculate the highest common divisor of 1291568 and 2136.
712
What is the highest common factor of 31 and 529?
1
Calculate the highest common divisor of 584 and 41026.
146
Calculate the greatest common divisor of 32 and 4192.
32
Calculate the greatest common divisor of 1111783 and 17.
17
What is the highest common divisor of 85432 and 14632?
472
What is the highest common factor of 16 and 274178?
2
Calculate the highest common divisor of 639 and 139089.
213
Calculate the greatest common divisor of 339 and 111983.
113
Calculate the highest common divisor of 360 and 8440.
40
What is the greatest common factor of 9159 and 25671?
129
Calculate the highest common divisor of 867 and 50031.
51
Calculate the greatest common divisor of 2403 and 1161.
27
What is the greatest common divisor of 315 and 6755?
35
Calculate the greatest common divisor of 265 and 106.
53
What is the highest common divisor of 3 and 133518?
3
What is the greatest common factor of 21650 and 1600?
50
Calculate the highest common divisor of 312580 and 70.
10
Calculate the greatest common divisor of 58 and 141201.
29
What is the highest common factor of 104 and 353041?
13
Calculate the greatest common factor of 27 and 930.
3
What is the greatest common divisor of 2181294 and 716?
358
What is the greatest common factor of 231 and 28281?
33
Calculate the greatest common factor of 19454 and 1278.
142
Calculate the greatest common divisor of 36 and 3517029.
9
What is the greatest common factor of 40 and 5540?
20
What is the greatest common factor of 1216 and 69388?
76
Calculate the highest common factor of 100 and 152275.
25
Calculate the highest common factor of 104193 and 34.
17
What is the highest common divisor of 22572 and 8550?
342
What is the highest common divisor of 8 and 5430?
2
What is the highest common factor of 96 and 79128?
24
Calculate the highest common divisor of 498600 and 40.
40
What is the greatest common factor of 475 and 21025?
25
Calculate the highest common factor of 4522 and 342.
38
What is the greatest common divisor of 49 and 30478?
49
What is the highest common factor of 26628 and 1148?
28
What is the highest common divisor of 36 and 239604?
12
Calculate the greatest common factor of 1017732 and 168.
12
What is the highest common divisor of 12386 and 286?
22
Calculate the highest common factor of 672 and 4592.
112
What is the greatest common divisor of 400 and 19490?
10
Calculate the highest common divisor of 171200 and 1284.
428
What is the highest common factor of 3731 and 86879?
533
Calculate the highest common divisor of 11 and 527.
1
What is the highest common factor of 352728 and 1136?
568
What is the greatest common factor of 2622 and 25944?
138
What is the greatest common factor of 32590 and 20?
10
What is the greatest common factor of 297 and 496661?
11
What is the greatest common divisor of 8208 and 3294?
54
What is the greatest common divisor of 66696 and 420?
84
What is the greatest common divisor of 205 and 8?
1
Calculate the highest common divisor of 60 and 384495.
15
Calculate the highest common factor of 20 and 1105670.
10
What is the greatest common factor of 17 and 39763?
17
Calculate the greatest common divisor of 8960 and 1568.
224
What is the highest common factor of 1158 and 328293?
579
What is the highest common factor of 2430 and 52920?
270
Calculate the highest common factor of 39351 and 117.
39
Calculate the greatest common factor of 192 and 19920.
48
Calculate the greatest common factor of 347787 and 297.
297
What is the highest common divisor of 1896 and 96?
24
Calculate the greatest common factor of 54839 and 29.
29
Calculate the greatest common divisor of 646 and 20774.
34
Calculate the highest common factor of 7498 and 12877.
163
What is the highest common divisor of 1650 and 1020?
30
What is the highest common divisor of 3034 and 1776?
74
Calculate the greatest common divisor of 11368 and 14504.
392
Calculate the highest common divisor of 779 and 67.
1
What is the highest common divisor of 540 and 41610?
30
What is the highest common factor of 3000 and 420?
60
Calculate the greatest common factor of 375 and 1038000.
375
Calculate the highest common factor of 2793 and 84476.
49
Calculate the highest common divisor of 77658 and 23306.
86
What is the greatest common factor of 13617 and 1157?
89
Calculate the greatest common factor of 12 and 528738.
6
Calculate the highest common divisor of 250 and 14274250.
250
What is the greatest common divisor of 119145 and 3995?
235
Calculate the greatest common divisor of 14049 and 4599.
63
What is the greatest common factor of 215 and 904720?
215
What is the greatest common factor of 690297 and 2289?
327
Calculate the greatest common divisor of 26 and 10367747.
13
Calculate the greatest common divisor of 158 and 25438.
158
What is the highest common divisor of 25 and 185050?
25
What is the greatest common 